{"id":8,"date":"2025-11-27T13:12:53","date_gmt":"2025-11-27T13:12:53","guid":{"rendered":"https:\/\/odeauyoga.fr\/?page_id=8"},"modified":"2025-12-06T14:31:10","modified_gmt":"2025-12-06T14:31:10","slug":"accueil","status":"publish","type":"page","link":"https:\/\/odeauyoga.fr\/","title":{"rendered":"Accueil"},"content":{"rendered":"\n<div class=\"wp-block-cover alignfull\" style=\"min-height:720px;aspect-ratio:unset;\"><img loading=\"lazy\" decoding=\"async\" width=\"1024\" height=\"680\" class=\"wp-block-cover__image-background wp-image-31 size-large\" alt=\"\" src=\"http:\/\/odeauyoga.fr\/wp-content\/uploads\/2025\/11\/0625_OLYBe200h_13-1-1024x680.jpg\" data-object-fit=\"cover\" srcset=\"https:\/\/odeauyoga.fr\/wp-content\/uploads\/2025\/11\/0625_OLYBe200h_13-1-1024x680.jpg 1024w, https:\/\/odeauyoga.fr\/wp-content\/uploads\/2025\/11\/0625_OLYBe200h_13-1-300x199.jpg 300w, https:\/\/odeauyoga.fr\/wp-content\/uploads\/2025\/11\/0625_OLYBe200h_13-1-768x510.jpg 768w, https:\/\/odeauyoga.fr\/wp-content\/uploads\/2025\/11\/0625_OLYBe200h_13-1.jpg 1133w\" sizes=\"auto, (max-width: 1024px) 100vw, 1024px\" \/><span aria-hidden=\"true\" class=\"wp-block-cover__background has-ast-global-color-3-background-color has-background-dim-60 has-background-dim\"><\/span><div class=\"wp-block-cover__inner-container is-layout-constrained wp-block-cover-is-layout-constrained\">\n<div class=\"inherit-container-width wp-block-group alignwide is-layout-constrained wp-block-group-is-layout-constrained\">\n<div class=\"wp-block-media-text has-media-on-the-right is-stacked-on-mobile is-vertically-aligned-bottom\" style=\"margin-top:var(--wp--preset--spacing--60);margin-bottom:var(--wp--preset--spacing--40);padding-top:var(--wp--preset--spacing--20);padding-bottom:var(--wp--preset--spacing--20);grid-template-columns:auto 25%\"><div class=\"wp-block-media-text__content\">\n<h1 class=\"wp-block-heading has-text-align-left has-white-color has-text-color has-large-font-size\">Cours de Yoga Vinyasa<\/h1>\n\n\n\n<h2 class=\"wp-block-heading has-white-color has-text-color has-medium-font-size\"><strong>Avec Aude<\/strong><br><em>\ud83d\udccd\u00e0 Montpellier<br>\ud83d\udccd\u00e0 Paris<\/em><\/h2>\n\n\n\n<p class=\"has-white-color has-text-color has-medium-font-size\">Offrez-vous un moment de bien-\u00eatre avec une s\u00e9ance de yoga Vinyasa accessible \u00e0 tous les niveaux. Je vous guide \u00e0 travers une pratique fluide o\u00f9 le mouvement s\u2019harmonise avec la respiration pour renforcer le corps, apaiser l\u2019esprit et am\u00e9liorer la souplesse.<br>Que vous soyez d\u00e9butant ou confirm\u00e9, la s\u00e9ance s\u2019adapte \u00e0 vos besoins et \u00e0 votre rythme. Id\u00e9al pour commencer la journ\u00e9e en \u00e9nergie ou la terminer en douceur.<\/p>\n\n\n\n<p class=\"has-white-color has-text-color\"><\/p>\n\n\n\n<p><\/p>\n<\/div><figure class=\"wp-block-media-text__media\"><img loading=\"lazy\" decoding=\"async\" width=\"500\" height=\"510\" src=\"https:\/\/odeauyoga.fr\/wp-content\/uploads\/2025\/11\/aude_pngcercle.png\" alt=\"\" class=\"wp-image-38 size-full\" srcset=\"https:\/\/odeauyoga.fr\/wp-content\/uploads\/2025\/11\/aude_pngcercle.png 500w, https:\/\/odeauyoga.fr\/wp-content\/uploads\/2025\/11\/aude_pngcercle-294x300.png 294w\" sizes=\"auto, (max-width: 500px) 100vw, 500px\" \/><\/figure><\/div>\n<\/div>\n<\/div><\/div>\n\n\n\n<div class=\"wp-block-group alignfull has-ast-global-color-5-background-color has-background is-layout-constrained wp-block-group-is-layout-constrained\" style=\"padding-bottom:0px\">\n<div class=\"wp-block-columns are-vertically-aligned-top is-layout-flex wp-container-core-columns-is-layout-00723822 wp-block-columns-is-layout-flex\">\n<div class=\"wp-block-column is-vertically-aligned-top is-layout-flow wp-container-core-column-is-layout-6b73ce23 wp-block-column-is-layout-flow\">\n<figure class=\"wp-block-image aligncenter size-thumbnail is-resized\"><img loading=\"lazy\" decoding=\"async\" width=\"150\" height=\"150\" src=\"https:\/\/odeauyoga.fr\/wp-content\/uploads\/2025\/12\/icone1-150x150.jpg\" alt=\"\" class=\"wp-image-177\" style=\"width:150px\" srcset=\"https:\/\/odeauyoga.fr\/wp-content\/uploads\/2025\/12\/icone1-150x150.jpg 150w, https:\/\/odeauyoga.fr\/wp-content\/uploads\/2025\/12\/icone1.jpg 300w\" sizes=\"auto, (max-width: 150px) 100vw, 150px\" \/><\/figure>\n\n\n\n<h3 class=\"wp-block-heading has-text-align-center has-medium-font-size\" style=\"margin-top:16px\">Professeur certifi\u00e9e<\/h3>\n\n\n\n<p class=\"has-text-align-center\">Yoga Alliance 200h<\/p>\n<\/div>\n\n\n\n<div class=\"wp-block-column is-vertically-aligned-top is-layout-flow wp-container-core-column-is-layout-6b73ce23 wp-block-column-is-layout-flow\">\n<figure class=\"wp-block-image aligncenter size-full is-resized\"><img loading=\"lazy\" decoding=\"async\" width=\"300\" height=\"300\" src=\"http:\/\/odeauyoga.fr\/wp-content\/uploads\/2025\/12\/ICONE2.jpg\" alt=\"\" class=\"wp-image-178\" style=\"width:150px\" srcset=\"https:\/\/odeauyoga.fr\/wp-content\/uploads\/2025\/12\/ICONE2.jpg 300w, https:\/\/odeauyoga.fr\/wp-content\/uploads\/2025\/12\/ICONE2-150x150.jpg 150w\" sizes=\"auto, (max-width: 300px) 100vw, 300px\" \/><\/figure>\n\n\n\n<h3 class=\"wp-block-heading has-text-align-center has-medium-font-size\" style=\"margin-top:16px\">Yoga dynamique<\/h3>\n\n\n\n<p class=\"has-text-align-center\">pour la t\u00eate et le corps<\/p>\n<\/div>\n\n\n\n<div class=\"wp-block-column is-vertically-aligned-top is-layout-flow wp-container-core-column-is-layout-6b73ce23 wp-block-column-is-layout-flow\">\n<figure class=\"wp-block-image aligncenter size-full is-resized\"><img loading=\"lazy\" decoding=\"async\" width=\"300\" height=\"300\" src=\"https:\/\/odeauyoga.fr\/wp-content\/uploads\/2025\/12\/ICONE3.jpg\" alt=\"\" class=\"wp-image-179\" style=\"width:150px\" srcset=\"https:\/\/odeauyoga.fr\/wp-content\/uploads\/2025\/12\/ICONE3.jpg 300w, https:\/\/odeauyoga.fr\/wp-content\/uploads\/2025\/12\/ICONE3-150x150.jpg 150w\" sizes=\"auto, (max-width: 300px) 100vw, 300px\" \/><\/figure>\n\n\n\n<h3 class=\"wp-block-heading has-text-align-center has-medium-font-size\" style=\"margin-top:16px\">A votre \u00e9coute<\/h3>\n\n\n\n<p class=\"has-text-align-center\">moment de partage<\/p>\n<\/div>\n<\/div>\n<\/div>\n\n\n\n<div class=\"wp-block-group alignfull has-ast-global-color-5-background-color has-background is-layout-constrained wp-container-core-group-is-layout-4ca4c581 wp-block-group-is-layout-constrained\" id=\"about\" style=\"margin-top:var(--wp--preset--spacing--50);padding-top:50px;padding-bottom:50px\">\n<div class=\"wp-block-media-text has-media-on-the-right is-stacked-on-mobile is-vertically-aligned-center is-image-fill-element\" style=\"grid-template-columns:auto 41%\"><div class=\"wp-block-media-text__content\">\n<div class=\"inherit-container-width wp-block-group is-layout-constrained wp-block-group-is-layout-constrained\">\n<h2 class=\"wp-block-heading has-large-font-size\" style=\"padding-top:var(--wp--preset--spacing--60);padding-right:0px\">Mon Yoga<\/h2>\n\n\n\n<p class=\"has-text-align-left\">Le yoga que je propose est un espace d\u2019attention et de bienveillance, o\u00f9 chacun avance \u00e0 son rythme. La respiration y occupe une place essentielle : elle guide les mouvements, apaise l\u2019esprit et soutient l\u2019effort. J\u2019invite chaque pratiquant \u00e0 \u00e9couter son corps, \u00e0 respecter ses limites tout en explorant ses possibilit\u00e9s.<\/p>\n\n\n\n<p style=\"margin-top:0;margin-right:0;margin-bottom:0;margin-left:0;padding-top:0;padding-bottom:0\"> Mes s\u00e9ances offrent un \u00e9quilibre entre douceur et challenge, pour progresser en confiance et en conscience.<\/p>\n\n\n\n<p><\/p>\n<\/div>\n<\/div><figure class=\"wp-block-media-text__media\"><img loading=\"lazy\" decoding=\"async\" width=\"150\" height=\"150\" src=\"https:\/\/odeauyoga.fr\/wp-content\/uploads\/2025\/11\/0625_OLYBe200h_13-150x150.jpg\" alt=\"\" class=\"wp-image-29 size-thumbnail\" style=\"object-position:80% 56%\"\/><\/figure><\/div>\n<\/div>\n\n\n\n<div class=\"wp-block-group alignfull has-ast-global-color-6-background-color has-background is-layout-constrained wp-container-core-group-is-layout-6b4d23ea wp-block-group-is-layout-constrained\" id=\"reviews\" style=\"margin-bottom:var(--wp--preset--spacing--40);padding-bottom:var(--wp--preset--spacing--60)\">\n<figure class=\"wp-block-image aligncenter size-full is-resized\" id=\"qui\"><img loading=\"lazy\" decoding=\"async\" width=\"300\" height=\"301\" src=\"http:\/\/odeauyoga.fr\/wp-content\/uploads\/2025\/11\/PROFIL-AUDE-YOGA.png\" alt=\"\" class=\"wp-image-100\" style=\"aspect-ratio:1;object-fit:cover;width:90px;height:auto\" srcset=\"https:\/\/odeauyoga.fr\/wp-content\/uploads\/2025\/11\/PROFIL-AUDE-YOGA.png 300w, https:\/\/odeauyoga.fr\/wp-content\/uploads\/2025\/11\/PROFIL-AUDE-YOGA-150x150.png 150w\" sizes=\"auto, (max-width: 300px) 100vw, 300px\" \/><\/figure>\n\n\n\n<p><\/p>\n\n\n\n<p class=\"has-text-align-center\" style=\"font-size:17px;line-height:1.6\"><em>Je suis passionn\u00e9e par le yoga et son pouvoir de transformation, autant du corps que de l\u2019esprit. Form\u00e9e en Vinyasa, j\u2019accompagne chacun dans une pratique bienveillante et accessible.<\/em><\/p>\n\n\n\n<p><\/p>\n<\/div>\n\n\n\n<div class=\"wp-block-cover\" style=\"margin-top:var(--wp--preset--spacing--70);margin-bottom:var(--wp--preset--spacing--70)\"><span aria-hidden=\"true\" class=\"wp-block-cover__background has-ast-global-color-6-background-color has-background-dim-100 has-background-dim\"><\/span><div class=\"wp-block-cover__inner-container is-layout-constrained wp-block-cover-is-layout-constrained\">\n<div class=\"wp-block-columns alignfull is-layout-flex wp-container-core-columns-is-layout-28f84493 wp-block-columns-is-layout-flex\">\n<div class=\"wp-block-column is-layout-flow wp-block-column-is-layout-flow\" style=\"flex-basis:50%\">\n<div class=\"wp-block-cover is-light\" style=\"min-height:600px;aspect-ratio:unset;\"><img loading=\"lazy\" decoding=\"async\" width=\"1024\" height=\"680\" class=\"wp-block-cover__image-background wp-image-31 size-large\" alt=\"\" src=\"http:\/\/odeauyoga.fr\/wp-content\/uploads\/2025\/11\/0625_OLYBe200h_13-1-1024x680.jpg\" data-object-fit=\"cover\" srcset=\"https:\/\/odeauyoga.fr\/wp-content\/uploads\/2025\/11\/0625_OLYBe200h_13-1-1024x680.jpg 1024w, https:\/\/odeauyoga.fr\/wp-content\/uploads\/2025\/11\/0625_OLYBe200h_13-1-300x199.jpg 300w, https:\/\/odeauyoga.fr\/wp-content\/uploads\/2025\/11\/0625_OLYBe200h_13-1-768x510.jpg 768w, https:\/\/odeauyoga.fr\/wp-content\/uploads\/2025\/11\/0625_OLYBe200h_13-1.jpg 1133w\" sizes=\"auto, (max-width: 1024px) 100vw, 1024px\" \/><span aria-hidden=\"true\" class=\"wp-block-cover__background has-background-dim\" style=\"background-color:#a59576\"><\/span><div class=\"wp-block-cover__inner-container is-layout-flow wp-block-cover-is-layout-flow\">\n<figure class=\"wp-block-image aligncenter size-medium\"><img loading=\"lazy\" decoding=\"async\" width=\"200\" height=\"300\" src=\"http:\/\/odeauyoga.fr\/wp-content\/uploads\/2025\/11\/0625_OLYBe200h_17-200x300.jpg\" alt=\"\" class=\"wp-image-32\" srcset=\"https:\/\/odeauyoga.fr\/wp-content\/uploads\/2025\/11\/0625_OLYBe200h_17-200x300.jpg 200w, https:\/\/odeauyoga.fr\/wp-content\/uploads\/2025\/11\/0625_OLYBe200h_17-683x1024.jpg 683w, https:\/\/odeauyoga.fr\/wp-content\/uploads\/2025\/11\/0625_OLYBe200h_17-768x1151.jpg 768w, https:\/\/odeauyoga.fr\/wp-content\/uploads\/2025\/11\/0625_OLYBe200h_17-1025x1536.jpg 1025w, https:\/\/odeauyoga.fr\/wp-content\/uploads\/2025\/11\/0625_OLYBe200h_17.jpg 1155w\" sizes=\"auto, (max-width: 200px) 100vw, 200px\" \/><\/figure>\n<\/div><\/div>\n<\/div>\n\n\n\n<div class=\"wp-block-column is-vertically-aligned-center is-layout-flow wp-block-column-is-layout-flow\" style=\"padding-top:1em;padding-right:1em;padding-bottom:1em;padding-left:1em\">\n<div class=\"wp-block-columns is-layout-flex wp-container-core-columns-is-layout-28f84493 wp-block-columns-is-layout-flex\">\n<div class=\"wp-block-column is-layout-flow wp-block-column-is-layout-flow\" style=\"flex-basis:320px\">\n<h2 class=\"wp-block-heading has-ast-global-color-2-color has-text-color has-link-color has-large-font-size wp-elements-f8a7c248c5e0cd85fd5556ac5de514e0\" id=\"lieux\">Paris\/ Montpellier<\/h2>\n<\/div>\n<\/div>\n\n\n\n<p>Je peux \u00e9galement proposer des cours <strong>\u00e0 Montpellier<\/strong>, dans les m\u00eames formats : particuliers, en plein air ou en entreprise. Que vous souhaitiez d\u00e9buter ou approfondir votre pratique, j\u2019accompagne chaque \u00e9l\u00e8ve avec attention pour cr\u00e9er un moment de bien-\u00eatre et de connexion \u00e0 soi.<\/p>\n\n\n\n<p>Je peux donner des cours de yoga Vinyasa \u00e0 <strong>Paris<\/strong>, que ce soit en cours particuliers \u00e0 domicile, en ext\u00e9rieur ou en entreprise. Les s\u00e9ances sont adapt\u00e9es \u00e0 votre niveau et \u00e0 vos besoins, pour une pratique fluide, dynamique et accessible.<\/p>\n<\/div>\n<\/div>\n<\/div><\/div>\n\n\n\n<h2 class=\"wp-block-heading has-large-font-size\" id=\"faq\"> FAQ<\/h2>\n\n\n<div id=\"faq-89\" class=\"arconix-faq-wrap\"><div id=\"faq-EnquoileVinyasadiffre-t-ildesautresstylesdeyoga\" class=\"arconix-faq-title faq-closed\">En quoi le Vinyasa diff\u00e8re-t-il des autres styles de yoga ?<\/div><div class=\"arconix-faq-content faq-closed\">Le yoga Vinyasa relie le mouvement \u00e0 la respiration dans un encha\u00eenement fluide et dynamique. Contrairement au Hatha yoga, plus statique, ou au Yin yoga, plus doux et passif, le Vinyasa apporte un travail cardio, renforce le corps en profondeur et favorise la concentration gr\u00e2ce au flow continu.<\/div><\/div>\n\n\n<div id=\"faq-87\" class=\"arconix-faq-wrap\"><div id=\"faq-Quedois-jeapporterouprpareravantuncours\" class=\"arconix-faq-title faq-closed\">Que dois-je apporter ou pr\u00e9parer avant un cours ?<\/div><div class=\"arconix-faq-content faq-closed\"><p>Pr\u00e9voyez une tenue confortable, un tapis de yoga (si vous n\u2019en avez pas, demandez s\u2019il est possible d\u2019en emprunter), une bouteille d\u2019eau et \u00e9ventuellement un petit linge. Il est conseill\u00e9 d\u2019\u00e9viter de manger juste avant le cours afin de pratiquer plus sereinement.<\/p>\n<\/div><\/div>\n\n\n<div id=\"faq-85\" class=\"arconix-faq-wrap\"><div id=\"faq-QuelestleniveaurequispourparticiperuncoursdeVinyasa\" class=\"arconix-faq-title faq-closed\">Quel est le niveau requis pour participer \u00e0 un cours de Vinyasa ?<\/div><div class=\"arconix-faq-content faq-closed\"><p data-start=\"179\" data-end=\"413\">Aucun niveau sp\u00e9cifique n\u2019est requis. Le Vinyasa est accessible \u00e0 tou\u00b7te\u00b7s : d\u00e9butant\u00b7e\u00b7s, interm\u00e9diaires ou avanc\u00e9\u00b7e\u00b7s. Les variations de postures sont propos\u00e9es pour que chacun\u00b7e puisse pratiquer \u00e0 son rythme et selon ses capacit\u00e9s.<\/p>\n<\/div><\/div>\n\n\n\n<p><\/p>\n\n\n\n<div class=\"wp-block-buttons is-content-justification-center is-layout-flex wp-container-core-buttons-is-layout-9033c490 wp-block-buttons-is-layout-flex\" style=\"margin-top:var(--wp--preset--spacing--80);margin-bottom:var(--wp--preset--spacing--80)\">\n<div class=\"wp-block-button\" id=\"contact\"><a class=\"wp-block-button__link has-text-align-center wp-element-button\" href=\"https:\/\/www.instagram.com\/ode.au.yoga\">\u279c Contactez-moi sur Instagram<\/a><\/div>\n<\/div>\n","protected":false},"excerpt":{"rendered":"<p>Professeur certifi\u00e9e Yoga Alliance 200h Yoga dynamique pour la t\u00eate et le corps A votre \u00e9coute moment de partage Mon [&hellip;]<\/p>\n","protected":false},"author":1,"featured_media":0,"parent":0,"menu_order":0,"comment_status":"closed","ping_status":"closed","template":"","meta":{"site-sidebar-layout":"no-sidebar","site-content-layout":"plain-container","ast-site-content-layout":"default","site-content-style":"default","site-sidebar-style":"default","ast-global-header-display":"","ast-banner-title-visibility":"","ast-main-header-display":"","ast-hfb-above-header-display":"","ast-hfb-below-header-display":"","ast-hfb-mobile-header-display":"","site-post-title":"disabled","ast-breadcrumbs-content":"","ast-featured-img":"","footer-sml-layout":"","theme-transparent-header-meta":"enabled","adv-header-id-meta":"","stick-header-meta":"","header-above-stick-meta":"","header-main-stick-meta":"","header-below-stick-meta":"","astra-migrate-meta-layouts":"default","ast-page-background-enabled":"default","ast-page-background-meta":{"desktop":{"background-color":"var(--ast-global-color-5)","background-image":"","background-repeat":"repeat","background-position":"center center","background-size":"auto","background-attachment":"scroll","background-type":"","background-media":"","overlay-type":"","overlay-color":"","overlay-opacity":"","overlay-gradient":""},"tablet":{"background-color":"","background-image":"","background-repeat":"repeat","background-position":"center center","background-size":"auto","background-attachment":"scroll","background-type":"","background-media":"","overlay-type":"","overlay-color":"","overlay-opacity":"","overlay-gradient":""},"mobile":{"background-color":"","background-image":"","background-repeat":"repeat","background-position":"center center","background-size":"auto","background-attachment":"scroll","background-type":"","background-media":"","overlay-type":"","overlay-color":"","overlay-opacity":"","overlay-gradient":""}},"ast-content-background-meta":{"desktop":{"background-color":"var(--ast-global-color-4)","background-image":"","background-repeat":"repeat","background-position":"center center","background-size":"auto","background-attachment":"scroll","background-type":"","background-media":"","overlay-type":"","overlay-color":"","overlay-opacity":"","overlay-gradient":""},"tablet":{"background-color":"var(--ast-global-color-4)","background-image":"","background-repeat":"repeat","background-position":"center center","background-size":"auto","background-attachment":"scroll","background-type":"","background-media":"","overlay-type":"","overlay-color":"","overlay-opacity":"","overlay-gradient":""},"mobile":{"background-color":"var(--ast-global-color-4)","background-image":"","background-repeat":"repeat","background-position":"center center","background-size":"auto","background-attachment":"scroll","background-type":"","background-media":"","overlay-type":"","overlay-color":"","overlay-opacity":"","overlay-gradient":""}},"footnotes":""},"class_list":["post-8","page","type-page","status-publish","hentry"],"_links":{"self":[{"href":"https:\/\/odeauyoga.fr\/index.php\/wp-json\/wp\/v2\/pages\/8","targetHints":{"allow":["GET"]}}],"collection":[{"href":"https:\/\/odeauyoga.fr\/index.php\/wp-json\/wp\/v2\/pages"}],"about":[{"href":"https:\/\/odeauyoga.fr\/index.php\/wp-json\/wp\/v2\/types\/page"}],"author":[{"embeddable":true,"href":"https:\/\/odeauyoga.fr\/index.php\/wp-json\/wp\/v2\/users\/1"}],"replies":[{"embeddable":true,"href":"https:\/\/odeauyoga.fr\/index.php\/wp-json\/wp\/v2\/comments?post=8"}],"version-history":[{"count":85,"href":"https:\/\/odeauyoga.fr\/index.php\/wp-json\/wp\/v2\/pages\/8\/revisions"}],"predecessor-version":[{"id":180,"href":"https:\/\/odeauyoga.fr\/index.php\/wp-json\/wp\/v2\/pages\/8\/revisions\/180"}],"wp:attachment":[{"href":"https:\/\/odeauyoga.fr\/index.php\/wp-json\/wp\/v2\/media?parent=8"}],"curies":[{"name":"wp","href":"https:\/\/api.w.org\/{rel}","templated":true}]}}